{"id":245,"date":"2026-03-14T03:10:03","date_gmt":"2026-03-14T03:10:03","guid":{"rendered":"https:\/\/macarenaviva.com\/?page_id=245"},"modified":"2026-03-28T16:19:07","modified_gmt":"2026-03-28T16:19:07","slug":"sentidos-de-pertenencia","status":"publish","type":"page","link":"https:\/\/macarenaviva.com\/?page_id=245","title":{"rendered":"Sentidos de pertenencia"},"content":{"rendered":"\t\t<div data-elementor-type=\"wp-page\" data-elementor-id=\"245\" class=\"elementor elementor-245\" data-elementor-post-type=\"page\">\n\t\t\t\t<div class=\"elementor-element elementor-element-8b95e09 e-con-full e-flex e-con e-parent\" data-id=\"8b95e09\" data-element_type=\"container\" data-e-type=\"container\" data-settings=\"{&quot;background_background&quot;:&quot;classic&quot;}\">\n\t\t<div class=\"elementor-element elementor-element-73ae1cd4 e-con-full e-flex e-con e-child\" data-id=\"73ae1cd4\" data-element_type=\"container\" data-e-type=\"container\" data-settings=\"{&quot;background_background&quot;:&quot;classic&quot;}\">\n\t\t\t\t<div class=\"elementor-element elementor-element-69a25dc5 elementor-widget__width-initial animated-slow elementor-invisible elementor-widget elementor-widget-heading\" data-id=\"69a25dc5\" data-element_type=\"widget\" data-e-type=\"widget\" data-settings=\"{&quot;_animation&quot;:&quot;fadeIn&quot;}\" data-widget_type=\"heading.default\">\n\t\t\t\t\t<h2 class=\"elementor-heading-title elementor-size-default\">Un fanzine sobre el orgullo de vivir y hacer barrio en La Macarena.\n<\/h2>\t\t\t\t<\/div>\n\t\t\t\t<div class=\"elementor-element elementor-element-54c5b25f elementor-widget__width-initial elementor-widget elementor-widget-text-editor\" data-id=\"54c5b25f\" data-element_type=\"widget\" data-e-type=\"widget\" data-widget_type=\"text-editor.default\">\n\t\t\t\t\t\t\t\t\t<p>Aqu\u00ed encontrar\u00e1s historias, gestos cotidianos y peque\u00f1as iniciativas que recuerdan que un barrio no es solo un lugar en el mapa: es una red de encuentros, afectos y memorias compartidas.<\/p>\t\t\t\t\t\t\t\t<\/div>\n\t\t\t\t<\/div>\n\t\t\t\t<\/div>\n\t\t<div class=\"elementor-element elementor-element-4bdd3324 e-flex e-con-boxed e-con e-parent\" data-id=\"4bdd3324\" data-element_type=\"container\" data-e-type=\"container\">\n\t\t\t\t\t<div class=\"e-con-inner\">\n\t\t<div class=\"elementor-element elementor-element-21c227a8 e-con-full e-flex e-con e-child\" data-id=\"21c227a8\" data-element_type=\"container\" data-e-type=\"container\">\n\t\t<div class=\"elementor-element elementor-element-7f809e9 e-con-full e-flex elementor-invisible e-con e-child\" data-id=\"7f809e9\" data-element_type=\"container\" data-e-type=\"container\" data-settings=\"{&quot;animation&quot;:&quot;fadeInLeft&quot;}\">\n\t\t\t\t<div class=\"elementor-element elementor-element-a294de0 elementor-widget elementor-widget-heading\" data-id=\"a294de0\" data-element_type=\"widget\" data-e-type=\"widget\" data-widget_type=\"heading.default\">\n\t\t\t\t\t<h2 class=\"elementor-heading-title elementor-size-default\">Habitar un barrio\n<\/h2>\t\t\t\t<\/div>\n\t\t\t\t<div class=\"elementor-element elementor-element-3bc4c04a elementor-widget elementor-widget-text-editor\" data-id=\"3bc4c04a\" data-element_type=\"widget\" data-e-type=\"widget\" data-widget_type=\"text-editor.default\">\n\t\t\t\t\t\t\t\t\t<p>La palabra barrio viene del \u00e1rabe barr\u00ed, que significa \u201clo que est\u00e1 afuera\u201d o \u201clo que queda al borde\u201d. Con el tiempo dej\u00f3 de nombrar solo un lugar en el mapa y empez\u00f3 a nombrar algo m\u00e1s profundo: el territorio donde transcurre la vida cotidiana.<br \/>La palabra pertenecer, en cambio, habla de v\u00ednculo. De aquello con lo que nos sentimos ligadas\/os, de lo que reconocemos como parte de nosotras\/os.<br \/>Habitar un barrio no es solo vivir en \u00e9l.<br \/>Es aprender el ritmo de sus calles, reconocer las fachadas, saber por d\u00f3nde se camina mejor y d\u00f3nde huele a caf\u00e9 en la ma\u00f1ana.<br \/>Es caminar y encontrarse con rostros conocidos.<br \/>Es saber que detr\u00e1s de cada puerta hay una historia.<br \/>En La Macarena, pertenecer significa ser parte de una comunidad que se construye todos los d\u00edas.<\/p>\t\t\t\t\t\t\t\t<\/div>\n\t\t\t\t<\/div>\n\t\t\t\t<\/div>\n\t\t<div class=\"elementor-element elementor-element-5111e2ba e-con-full e-flex e-con e-child\" data-id=\"5111e2ba\" data-element_type=\"container\" data-e-type=\"container\">\n\t\t\t\t<div class=\"elementor-element elementor-element-4c9fcfef elementor-widget elementor-widget-image\" data-id=\"4c9fcfef\" data-element_type=\"widget\" data-e-type=\"widget\" data-widget_type=\"image.default\">\n\t\t\t\t\t\t\t\t\t\t\t\t\t\t\t<img fetchpriority=\"high\" decoding=\"async\" width=\"2560\" height=\"1440\" src=\"https:\/\/macarenaviva.com\/wp-content\/uploads\/2026\/03\/Imagenes_Sentidos-de-pertenencia-scaled.jpg\" class=\"attachment-full size-full wp-image-272\" alt=\"\" srcset=\"https:\/\/macarenaviva.com\/wp-content\/uploads\/2026\/03\/Imagenes_Sentidos-de-pertenencia-scaled.jpg 2560w, https:\/\/macarenaviva.com\/wp-content\/uploads\/2026\/03\/Imagenes_Sentidos-de-pertenencia-300x169.jpg 300w, https:\/\/macarenaviva.com\/wp-content\/uploads\/2026\/03\/Imagenes_Sentidos-de-pertenencia-1024x576.jpg 1024w, https:\/\/macarenaviva.com\/wp-content\/uploads\/2026\/03\/Imagenes_Sentidos-de-pertenencia-768x432.jpg 768w, https:\/\/macarenaviva.com\/wp-content\/uploads\/2026\/03\/Imagenes_Sentidos-de-pertenencia-1536x864.jpg 1536w, https:\/\/macarenaviva.com\/wp-content\/uploads\/2026\/03\/Imagenes_Sentidos-de-pertenencia-2048x1152.jpg 2048w\" sizes=\"(max-width: 2560px) 100vw, 2560px\" \/>\t\t\t\t\t\t\t\t\t\t\t\t\t\t\t<\/div>\n\t\t\t\t<\/div>\n\t\t\t\t\t<\/div>\n\t\t\t\t<\/div>\n\t\t<div class=\"elementor-element elementor-element-62086e8 e-flex e-con-boxed e-con e-parent\" data-id=\"62086e8\" data-element_type=\"container\" data-e-type=\"container\">\n\t\t\t\t\t<div class=\"e-con-inner\">\n\t\t<div class=\"elementor-element elementor-element-3c0138d e-con-full e-flex e-con e-child\" data-id=\"3c0138d\" data-element_type=\"container\" data-e-type=\"container\">\n\t\t\t\t<div class=\"elementor-element elementor-element-fd163b9 elementor-widget elementor-widget-heading\" data-id=\"fd163b9\" data-element_type=\"widget\" data-e-type=\"widget\" data-widget_type=\"heading.default\">\n\t\t\t\t\t<h2 class=\"elementor-heading-title elementor-size-default\">Un peque\u00f1o pueblo dentro de la ciudad<\/h2>\t\t\t\t<\/div>\n\t\t\t\t<div class=\"elementor-element elementor-element-2b43753 elementor-widget elementor-widget-text-editor\" data-id=\"2b43753\" data-element_type=\"widget\" data-e-type=\"widget\" data-widget_type=\"text-editor.default\">\n\t\t\t\t\t\t\t\t\t<p dir=\"ltr\" style=\"line-height: 1.2; background-color: #ffffff; margin-top: 0pt; margin-bottom: 0pt;\">En medio de la inmensidad de Bogot\u00e1, La Macarena conserva algo raro: la sensaci\u00f3n de barrio.<br \/>Aqu\u00ed todav\u00eda es posible cruzarse con vecinos, conversar en la esquina, detenerse a mirar una vitrina o quedarse m\u00e1s tiempo del planeado en un caf\u00e9.<br \/>Quiz\u00e1s por eso muchas personas dicen que vivir aqu\u00ed se parece a vivir en un peque\u00f1o pueblo dentro de la ciudad.<\/p>\t\t\t\t\t\t\t\t<\/div>\n\t\t\t\t<\/div>\n\t\t<div class=\"elementor-element elementor-element-07cca0b e-con-full e-flex e-con e-child\" data-id=\"07cca0b\" data-element_type=\"container\" data-e-type=\"container\">\n\t\t\t\t<div class=\"elementor-element elementor-element-a5e07f9 elementor-widget elementor-widget-heading\" data-id=\"a5e07f9\" data-element_type=\"widget\" data-e-type=\"widget\" data-widget_type=\"heading.default\">\n\t\t\t\t\t<h2 class=\"elementor-heading-title elementor-size-default\">Caminar el barrio\n<\/h2>\t\t\t\t<\/div>\n\t\t\t\t<div class=\"elementor-element elementor-element-a6f2980 elementor-widget elementor-widget-text-editor\" data-id=\"a6f2980\" data-element_type=\"widget\" data-e-type=\"widget\" data-widget_type=\"text-editor.default\">\n\t\t\t\t\t\t\t\t\t<p>Hay barrios que se atraviesan.<br \/>La Macarena se camina.<br \/>Se camina para descubrir galer\u00edas escondidas, librer\u00edas, restaurantes peque\u00f1os, \u00e1rboles que florecen en ciertas temporadas y muros que cambian con el tiempo.<br \/>Cada recorrido revela algo nuevo.<br \/>Caminar el barrio es una forma de conocerlo y tambi\u00e9n de hacerlo propio.<\/p>\t\t\t\t\t\t\t\t<\/div>\n\t\t\t\t<\/div>\n\t\t\t\t\t<\/div>\n\t\t\t\t<\/div>\n\t\t<div class=\"elementor-element elementor-element-50caa9b e-flex e-con-boxed e-con e-parent\" data-id=\"50caa9b\" data-element_type=\"container\" data-e-type=\"container\">\n\t\t\t\t\t<div class=\"e-con-inner\">\n\t\t<div class=\"elementor-element elementor-element-6d34de7 e-con-full e-flex e-con e-child\" data-id=\"6d34de7\" data-element_type=\"container\" data-e-type=\"container\" data-settings=\"{&quot;background_background&quot;:&quot;classic&quot;}\">\n\t\t\t\t<div class=\"elementor-element elementor-element-e89ba0a elementor-widget elementor-widget-heading\" data-id=\"e89ba0a\" data-element_type=\"widget\" data-e-type=\"widget\" data-widget_type=\"heading.default\">\n\t\t\t\t\t<h2 class=\"elementor-heading-title elementor-size-default\"><a href=\"https:\/\/macarenaviva.com\/wp-content\/uploads\/2026\/03\/Sentidos_de_pertenencia_fanzine.pdf\" target=\"_blank\">Descargar Fanzine<\/a><\/h2>\t\t\t\t<\/div>\n\t\t\t\t<\/div>\n\t\t\t\t\t<\/div>\n\t\t\t\t<\/div>\n\t\t<div class=\"elementor-element elementor-element-267c022 e-flex e-con-boxed e-con e-parent\" data-id=\"267c022\" data-element_type=\"container\" data-e-type=\"container\">\n\t\t\t\t\t<div class=\"e-con-inner\">\n\t\t\t\t<div class=\"elementor-element elementor-element-6649d57 elementor-widget elementor-widget-shortcode\" data-id=\"6649d57\" data-element_type=\"widget\" data-e-type=\"widget\" data-widget_type=\"shortcode.default\">\n\t\t\t\t\t\t\t<div class=\"elementor-shortcode\"><div class=\"_df_book df-lite\" id=\"df_338\"  _slug=\"fanzines\" data-title=\"fanzines\" wpoptions=\"true\" thumb=\"https:\/\/macarenaviva.com\/wp-content\/uploads\/2026\/03\/Imagenes_Sentidos-de-pertenencia-scaled.jpg\" thumbtype=\"\" ><\/div><script class=\"df-shortcode-script\" nowprocket type=\"application\/javascript\">window.option_df_338 = {\"outline\":[],\"autoEnableOutline\":\"false\",\"autoEnableThumbnail\":\"false\",\"overwritePDFOutline\":\"false\",\"direction\":\"1\",\"pageSize\":\"0\",\"source\":\"https:\\\/\\\/macarenaviva.com\\\/wp-content\\\/uploads\\\/2026\\\/03\\\/Sentidos_de_pertenencia_fanzine.pdf\",\"wpOptions\":\"true\"}; if(window.DFLIP && window.DFLIP.parseBooks){window.DFLIP.parseBooks();}<\/script><\/div>\n\t\t\t\t\t\t<\/div>\n\t\t\t\t\t<\/div>\n\t\t\t\t<\/div>\n\t\t\t\t<\/div>\n\t\t","protected":false},"excerpt":{"rendered":"<p>Un fanzine sobre el orgullo de vivir y hacer barrio en La Macarena. Aqu\u00ed encontrar\u00e1s historias, gestos cotidianos y peque\u00f1as iniciativas que recuerdan que un barrio no es solo un lugar en el mapa: es una red de encuentros, afectos y memorias compartidas. Habitar un barrio La palabra barrio viene del \u00e1rabe barr\u00ed, que significa [&hellip;]<\/p>\n","protected":false},"author":1,"featured_media":0,"parent":0,"menu_order":0,"comment_status":"closed","ping_status":"closed","template":"elementor_header_footer","meta":{"footnotes":""},"class_list":["post-245","page","type-page","status-publish","hentry"],"_links":{"self":[{"href":"https:\/\/macarenaviva.com\/index.php?rest_route=\/wp\/v2\/pages\/245","targetHints":{"allow":["GET"]}}],"collection":[{"href":"https:\/\/macarenaviva.com\/index.php?rest_route=\/wp\/v2\/pages"}],"about":[{"href":"https:\/\/macarenaviva.com\/index.php?rest_route=\/wp\/v2\/types\/page"}],"author":[{"embeddable":true,"href":"https:\/\/macarenaviva.com\/index.php?rest_route=\/wp\/v2\/users\/1"}],"replies":[{"embeddable":true,"href":"https:\/\/macarenaviva.com\/index.php?rest_route=%2Fwp%2Fv2%2Fcomments&post=245"}],"version-history":[{"count":16,"href":"https:\/\/macarenaviva.com\/index.php?rest_route=\/wp\/v2\/pages\/245\/revisions"}],"predecessor-version":[{"id":343,"href":"https:\/\/macarenaviva.com\/index.php?rest_route=\/wp\/v2\/pages\/245\/revisions\/343"}],"wp:attachment":[{"href":"https:\/\/macarenaviva.com\/index.php?rest_route=%2Fwp%2Fv2%2Fmedia&parent=245"}],"curies":[{"name":"wp","href":"https:\/\/api.w.org\/{rel}","templated":true}]}}